p. Let w = 58 + p. What is the tens digit of w?
2
Let j(o) = -o**3 + o**2 + o - 1. Let c(p) = -3*p**3 + 4*p**2 + p - 5. Let b(i) = c(i) - 5*j(i). What is the tens digit of b(3)?
3
Let t be 22/(-121) + (-24)/(-11). Suppose -5*p + 5*n = 30, 0 = 5*p + 3*n - n + t. What is the tens digit of 1620/24 + (-1)/p?
6
Let u = -7 + 9. Suppose -y = -4*h + y + 10, 10 = -u*h - 4*y. Let q = h + 16. What is the tens digit of q?
1
Let a = 20 - 14. Let y be 44/a*(-42)/4. Let p = 136 + y. What is the tens digit of p?
5
Suppose -1280 = -5*h - 5*s, 3*s - 1025 = 3*h - 7*h. What is the tens digit of h?
5
Suppose -2*j + 312 = 3*n - 3*j, 3*j = 0. Let k = 2 + n. What is the units digit of k?
6
Let z(n) = 6*n + 41. Let g be z(-7). Let l(i) = -9*i + 0*i - 2 + 4. What is the units digit of l(g)?
1
Let s be 9/((-135)/10)*(0 + 84). Let z = -21 - s. What is the units digit of z?
5
Let u = 6 - 4. Let i(n) = -n**3 - 10*n**2 + 1 - 12*n - u - 5. What is the units digit of i(-9)?
1
Let n(q) = q - 47 - 4*q + 4*q + 49. Let o be 1/4 + 28/16. What is the units digit of n(o)?
4
Suppose 8*t - 2935 = 3337. What is the hundreds digit of t?
7
Suppose -8*n + 64 = -4*n. Suppose n = -s - s. Let h = s + 11. What is the units digit of h?
3
What is the hundreds digit of 4*(-11 - (-12375)/44)?
0
Let x be (-1)/2*0/(-1). Let v = 13 + -11. Suppose -v*a = -2*s - x*a + 30, -5*a + 15 = s. What is the units digit of s?
5
Let n = -1724 + 5123. What is the hundreds digit of n?
3
Let p be 0*(-3)/6*-1. Suppose p = -8*o + 4*o. Suppose -2*a + 2*d + 34 = o, 2*a - 28 = 5*d + 15. What is the tens digit of a?
1
Let d(g) = -97 + 91 + 9*g + 13*g. What is the units digit of d(4)?
2
Let f(b) be the first derivative of -2*b**2 + 11*b + 2. Let k = 261 + -267. What is the units digit of f(k)?
5
Suppose -5*r + 3*o + 226 = 0, r = 3*o + 37 + 13. Let u = -6 + r. Let g = 26 + u. What is the units digit of g?
4
Let g(h) = -2*h**3 - h**2 + h. Let y be g(1). Let c be (y/6)/(4/(-456)). Let w = c + -26. What is the units digit of w?
2
Let z be 2 - (1 + (1 - 3)). Let c be ((-20)/(-6))/5*z. Suppose 3 = c*t - 7. What is the units digit of t?
5
Suppose 0 = -2*y + 4*a + 456, -674 - 217 = -4*y + a. What is the tens digit of y?
2
Suppose -x + 6*x - 300 = 0. Suppose 2*p + 8 = x. What is the tens digit of (p/6)/(1/9)?
3
Let s = 2 + -22. Let j = s + 20. Suppose j = 3*z - 40 - 29. What is the units digit of z?
3
Let u(x) = -4*x**3 + 10*x**3 + 2 + 12*x**2 - 5*x**3. What is the units digit of u(-5)?
7
Suppose 3*z + 1826 = 11873. What is the hundreds digit of z?
3
Suppose 77*y + 263 = 76*y. Let s = 491 + y. What is the hundreds digit of s?
2
Let n(k) = 21*k - 3*k - k + 41. What is the hundreds digit of n(13)?
2
Let d = -1 - -5. Suppose 419 = s + d*s - c, 2*c = -2*s + 170. What is the units digit of s?
4
Let m(y) = y + 11. Let o(w) = -2*w + 12. Let l be o(9). Let v be m(l). What is the units digit of 29 - (-5 + (v - 2))?
1
Let b(x) = -2*x**3 - 18*x**2 + 31*x - 1. What is the units digit of b(-14)?
5
Let r be 3/2 + (-30)/4. What is the units digit of 744/16 - 3/r?
7
Let d(l) = l**2 - l - 5. Let g be d(0). Let x = g + 10. Suppose 0 = w - 14 - x. What is the units digit of w?
9
Let v be (-4)/((5/(-14))/5). Let y = -11 + v. What is the tens digit of y?
4
Suppose 2*f - 15 = -3*r, 4*r - 20 = -3*f - f. What is the tens digit of r + -2 + -5 + 2*101?
0
Let v = -199 + 2007. What is the thousands digit of v?
1
Suppose -692 = -q + 285. What is the units digit of q?
7
Let r be (18 + 0)/((-15)/(-10)). Let k(a) = 5 + r*a - 6 + 2*a. What is the units digit of k(1)?
3
Let r(y) = -y**3 - 5*y**2 + 10*y + 9. Let g be r(-6). Suppose -7 + 46 = -3*d + s, 4*d + 51 = s. Let z = d - g. What is the units digit of z?
3
Let v be -6*(-5)/((-60)/(-8)). Suppose l - 174 = v*i, -454 = -5*l + 2*l - 5*i. What is the tens digit of l?
5
Suppose -11*u = -8*u. Suppose -2*f = -3*y - u*f + 76, -4*y + 101 = -3*f. What is the tens digit of y?
2
Suppose -3 = -5*z + 37. Suppose z*i - 61 - 659 = 0. What is the units digit of i?
0
Suppose -8*l + 4*l - 184 = 3*p, 2*l = -3*p - 86. Let m = 63 + l. What is the units digit of m?
4
What is the units digit of 60/(-48) + (-5333)/(-4)?
2
Let u(t) = 72*t + 3. Let o be u(-3). Let k = -148 - o. Suppose -4*x + k = -107. What is the units digit of x?
3
Suppose -3*c + 3*k - 42 = 0, 5*k - 4*k = 0. Let x(z) = z - 1. Let w(y) = -3*y + 12. Let o(b) = -w(b) - 5*x(b). What is the tens digit of o(c)?
2
Let l(o) = -7*o + 28. Let k be l(-6). Let d be -1 - ((-4)/(-2) + -45). Let i = k - d. What is the tens digit of i?
2
Suppose -40 = -3*v + 29. Let o = 27 - v. Suppose -4*t = p - 13, t - 2*p = -o - 4. What is the units digit of t?
2
Let r = -735 - -1234. Suppose 3*q + 4*k = r, q - 3*q + 4*k + 326 = 0. What is the units digit of q?
5
What is the thousands digit of -3 + ((-27198)/(-24) + 4)*4?
4
Let z = -7661 - -12352. What is the thousands digit of z?
4
Suppose 6*k - 2*k - 20 = 0, 3*c - 5*k = -19. Suppose -8 = c*a + 6. Let j = -5 - a. What is the units digit of j?
2
What is the tens digit of (2 + 4420/(-25))*-5?
7
Let n be (21/(-14))/(2/16). Let a = n + 38. What is the tens digit of a?
2
Let p = 1261 + -938. What is the hundreds digit of p?
3
Suppose 63*w - 65*w - u + 6886 = 0, -3443 = -w + 2*u. What is the tens digit of w?
4
Let q(k) = -k + 18. Let a be q(13). Suppose -a = -3*w - 2, 333 = 5*b - 2*w. What is the units digit of b?
7
Let d be -4 + 22*2/4. Suppose -13*t = -d*t - 366. What is the tens digit of t?
6
Let z = -26 + 29. Suppose -z*b + 150 + 72 = 0. What is the tens digit of b?
7
What is the tens digit of -5 - ((-11175)/9 - 60/45)?
3
Let w(z) = 196*z**2 - 5*z + 6. Let f be w(2). Suppose 5*p - 3*b = f, -2*p - 8*b + 312 = -5*b. What is the units digit of p?
6
Let h be -4*(-3)/(6/1). Let o = -2 + 4. Suppose o*y + h*y = 120. What is the units digit of y?
0
Let l(i) = i**2 - 24*i + 28. Let j be l(23). Suppose 3*s - 7*s + 676 = 3*c, 1145 = j*c + 3*s. What is the units digit of c?
2
Let r(f) = -f**3 - 4*f - 1. Let u(z) = z**3 + 5*z**2 + 4*z - 3. Let s be u(-4). Let h be r(s). Let l = 106 - h. What is the units digit of l?
8
What is the units digit of 20/8*(-7 - 4782/(-30))?
1
Let q be (-8)/(-14) - (-190)/35. Let i be (-1)/(-3) - (-10)/q. What is the tens digit of i - 7*(0 + -2)?
1
Let j(y) = -23*y + 13. Let q be j(-7). Suppose 0*w = -2*w + q. What is the units digit of w?
7
Let j = -34 + 88. Suppose 59*h + j = 62*h. What is the tens digit of h?
1
Suppose -c = -2*c. Let j(w) = w**3 + 4*w**2 + 5. Let f be j(-4). Suppose -f*m + 0*m + 25 = c. What is the units digit of m?
5
Let u be 1*-2 - (-4 - -5). Let y be 3 + -2 - (0 + u). What is the units digit of 6/y*24/4?
9
Let m be (1/(-2))/(4/296). Let q = m + 69. What is the units digit of q?
2
Let v(d) = 44*d - 17. Let u be v(7). Let j = u - 167. What is the tens digit of j?
2
Let k(g) = 803*g - 314. What is the units digit of k(4)?
8
Let o(k) = -3*k - 13. Let h be o(-6). Suppose 0 = 3*b + y - 4, -1 = b + y - h. What is the units digit of (1 - b/(-1))*1?
1
Let o(b) = 275*b - 109. What is the thousands digit of o(8)?
2
Let k = -8 - 12. Let g be ((-38)/3)/(k/210). Let q = -85 + g. What is the units digit of q?
8
Let w = 2831 - 1578. What is the units digit of w?
3
Suppose 12*t + 7112 = 25928. What is the thousands digit of t?
1
Let r = 6 + -9. Let m be (-39)/r + -1 + -1. Let a = m - -4. What is the tens digit of a?
1
Suppose 0 = 2*f - 2*p - 12, -5*f - 2*p + 23 = -7. Let j be f/5*140/3. Let a = j + -32. What is the tens digit of a?
2
Let u = -315 - -196. Let j = u + 428. What is the units digit of j?
9
Suppose 5 - 69 = 4*u. Let k be -18*(2 + u/(-2)). What is the tens digit of (4/10)/((-3)/k)?
2
Let n = 169 + 505. What is the units digit of n?
4
Suppose -5*f + 2469 = -881. What is the units digit of f?
0
Let i(p) = -p**3 + 5*p**2 + 7*p - 8. Let t be i(6). What is the units digit of t + (306 + 4)/2?
3
Let f = -67 - -27. Let u = -18 - f. Let x = 43 - u. What is the tens digit of x?
2
Suppose -3*o + 2*d = -2*o, 18 = -2*o - 5*d. Let m = o - -6. What is the units digit of m/(-7) - (-988)/28?
5
Let a(d) = d + 7. Let b be a(-5). Suppose -42 = -b*f - 4*f. What is the units digit of f?
7
Let d(a) = 5*a - 3. Let u be d(-3). Let i(n) = -n**3 - 19*n**2 - 25*n + 3. What is the tens digit of i(u)?
2
Let g(x) = -100*x - 164. What is the tho